412?
4
In base 6, what is 4 - -112442?
112450
In base 5, what is 4 - -1014331?
1014340
In base 7, what is -255615 - 33?
-255651
In base 8, what is -5 - -71764?
71757
In base 12, what is -6 - 21318?
-21322
In base 6, what is -2 + -32235131?
-32235133
In base 10, what is 238 - 1823?
-1585
In base 7, what is 1 + -2246205?
-2246204
In base 7, what is 22623242 - 0?
22623242
In base 12, what is -61aa09 - 2?
-61aa0b
In base 11, what is 4 - -1007?
1010
In base 7, what is -26504 - 4?
-26511
In base 6, what is 12205 + 0?
12205
In base 7, what is -144 + -12331?
-12505
In base 5, what is -313 + 4324?
4011
In base 4, what is 13 + 1201212?
1201231
In base 12, what is -2 + -13117?
-13119
In base 15, what is -11c + e?
-10d
In base 11, what is 218 + 6939?
7056
In base 9, what is 8 - 82071?
-82062
In base 9, what is -2133 + -605?
-2738
In base 15, what is 14753 + a?
1475d
In base 2, what is 1000111000 + -1101110110?
-100111110
In base 6, what is -1545 - 2441?
-4430
In base 4, what is -31021 + 122?
-30233
In base 10, what is -115 + 121?
6
In base 5, what is -3 - 14131?
-14134
In base 12, what is -11807 + -3?
-1180a
In base 7, what is 23265 + -4?
23261
In base 15, what is -3 + -235a?
-235d
In base 4, what is 21 + -21002103?
-21002022
In base 10, what is 1559 + -532?
1027
In base 13, what is c2 - -161?
253
In base 9, what is 1358 + 50?
1418
In base 13, what is 3696cb + -2?
3696c9
In base 10, what is -1 + 115409?
115408
In base 16, what is 5a - bfd?
-ba3
In base 3, what is 12211 + 122210?
212121
In base 9, what is -16 - -104362?
104345
In base 16, what is 33 + -14e?
-11b
In base 13, what is -15a09a - -1?
-15a099
In base 16, what is -c0323 + -6?
-c0329
In base 8, what is -24170 - -120?
-24050
In base 4, what is -131101231 + 1?
-131101230
In base 11, what is 66522 - -3?
66525
In base 8, what is -1113 + -337?
-1452
In base 12, what is -4 - 8754a?
-87552
In base 9, what is 6 + -31602?
-31585
In base 12, what is 49 + 10b?
158
In base 14, what is 859 + 80?
8d9
In base 13, what is -10 - 30c?
-31c
In base 15, what is c9 + 648?
722
In base 3, what is -112202222220 - -12?
-112202222201
In base 13, what is 6 + -30090?
-30087
In base 8, what is -34013 - 11?
-34024
In base 15, what is 553 - -58?
5ab
In base 11, what is -5897a5 - -3?
-5897a2
In base 16, what is 3 - -376ef?
376f2
In base 6, what is 24 + -145452?
-145424
In base 12, what is -6 - 2ab65?
-2ab6b
In base 5, what is 2023 - -33040?
40113
In base 5, what is -102241 - 21?
-102312
In base 15, what is -1 + -48de?
-48e0
In base 13, what is -92a6c + 3?
-92a69
In base 4, what is 1221323 + -122?
1221201
In base 13, what is 19cb + -40?
198b
In base 7, what is -11030 - -163?
-10534
In base 10, what is -350682 + 5?
-350677
In base 13, what is 19b5 + -11?
19a4
In base 7, what is -22604 - -53?
-22521
In base 9, what is 15834 - 3?
15831
In base 9, what is -24183 - -56?
-24126
In base 14, what is -114d + 3?
-114a
In base 7, what is 20 - -42642?
42662
In base 12, what is 7 + -93aba?
-93ab3
In base 10, what is 59562 + -1?
59561
In base 2, what is -101000100111101 + -1100?
-101000101001001
In base 5, what is -101 + 1432?
1331
In base 2, what is 101100 - 111001110111?
-111001001011
In base 14, what is 3 + 2d767b?
2d7680
In base 12, what is -2a8 + -32?
-31a
In base 15, what is -4aa + 4?
-4a6
In base 10, what is 21149 + 17?
21166
In base 8, what is 55425 - -24?
55451
In base 15, what is 3 + b037?
b03a
In base 13, what is 4c337 + 1?
4c338
In base 4, what is 1 + -13202?
-13201
In base 5, what is 10 - -11413403?
11413413
In base 15, what is 256 - 1646?
-13e0
In base 3, what is 1221221200 - 11?
1221221112
In base 11, what is -151049 + -2?
-151050
In base 16, what is -f - -100d3?
100c4
In base 8, what is 144 + 1207?
1353
In base 3, what is -100 - -112200212?
112200112
In base 14, what is -4d3c + 4d?
-4ccd
In base 8, what is 35 + 63200?
63235
In base 6, what is -1500523 - 220?
-1501143
In base 2, what is -11 - -111110101011011110?
111110101011011011
In base 15, what is 303 - -119?
41c
In base 10, what is 1 - -4841?
4842
In base 16, what is -22a - 25?
-24f
In base 13, what is -69 - 118?
-184
In base 13, what is 4 - 347c?
-3478
In base 12, what is -1 - 1b8597?
-1b8598
In base 11, what is 936 + -511?
425
In base 7, what is 31 + 1000222?
1000253
In base 10, what is 55559 - 27?
55532
In base 10, what is 10419 + 1?
10420
In base 13, what is 729a - b?
728c
In base 13, what is -29132 + 3?
-2912c
In base 8, what is 1001 + -243?
536
In base 9, what is -6005 - 27?
-6033
In base 3, what is 2201200202 - 11?
2201200121
In base 14, what is -59caa + -3?
-59cad
In base 3, what is 12 - -1211222211?
1212000000
In base 15, what is -519 - -70?
-499
In base 15, what is 3 + 8d14?
8d17
In base 9, what is 17 - -62403?
62421
In base 13, what is 3 + -27aa36?
-27aa33
In base 14, what is -1014 - 5?
-1019
In base 11, what is -59 + 7157?
70a9
In base 15, what is a69b1 + b?
a69bc
In base 2, what is 10110010010101 + 11?
10110010011000
In base 9, what is 224241 - -1?
224242
In base 13, what is 5 - -261a1?
261a6
In base 12, what is 2b + -449?
-41a
In base 2, what is -1000 + 110010011101011?
110010011100011
In base 15, what is -155 - -4c?
-108
In base 11, what is 5 + 844?
849
In base 6, what is 3001024 - -15?
3001043
In base 13, what is -1a56 + -5?
-1a5b
In base 10, what is 80 - -780?
860
In base 3, what is 1 - -2212002102221?
2212002102222
In base 14, what is -27d3 + -6?
-27d9
In base 6, what is 250 - -242?
532
In base 6, what is 323513 + -1?
323512
In base 15, what is 2e4b + bd?
3019
In base 8, what is -10 - -206070?
206060
In base 14, what is -4 + 5cb2?
5cac
In base 13, what is 145bcba + -3?
145bcb7
In base 7, what is -2 + -1500?
-1502
In base 4, what is 1 - 203131212?
-203131211
In base 7, what is 5402113 + -4?
5402106
In base 12, what is 91a + -2?
918
In base 5, what is 12311 + -1234?
11022
In base 5, what is 3 + 1144442?
1200000
In base 3, what is 1010 - 1210002100?
-1210001020
In base 13, what is -c21 - -b?
-c13
In base 11, what is 13 - -982?
995
In base 6, what is -1130 - -1514?
344
In base 13, what is 19 - -62b?
647
In base 16, what is -e8 + -161f?
-1707
In base 15, what is 99 - -1176?
1220
In base 15, what is -35 - -8ba?
885
In base 2, what is -11 - 11100000010111001?
-11100000010111100
In base 14, what is -197 - -71?
-126
In base 4, what is 100002020312 + 2?
100002020320
In base 14, what is a8a20 - 2?
a8a1c
In base 7, what is 2 - -4156?
4161
In base 2, what is 10001011000001000 + 101?
10001011000001101
In base 3, what is 100001102010 + 1?
100001102011
In base 2, what is -1101100 + 111000101?
101011001
In base 16, what is -ab4 - f?
-ac3
In base 2, what is -10 - 1101010110110011001?
-1101010110110011011
In base 5, what is -2300 - -102?
-2143
In base 7, what is -12242150 - 3?
-12242153
In base 4, what is 11 - 1311332?
-1311321
In base 4, what is 1010 + 10220?
11230
In base 15, what is -40a9 - -4?
-40a5
In base 13, what is 1 - -9c75?
9c76
In base 16, what is -8fda - -5?
-8fd5
In base 5, what is 141 - 3413?
-3222
In base 12, what is ab - -18?
107
In base 15, what is 664d - 4?
6649
In base 13, what is 0 - -155a1?
155a1
In base 6, what is 5 + -4531121?
-4531112
In base 16, what is -113ed - -9?
-113e4
In base 10, what is -1713 + -24?
-1737
In base 16, what is -14 - 1fb8?
-1fcc
In base 3, what is 11221111101 + 2?
11221111110
In base 11, what is 45107 - -4?
45110
In base 11, what is 44809 - -1?
4480a
In base 4, what is -11123 + 322?
-10201
In base 16, what is 0 - 12775d?
-12775d
In base 15, what is -3a5 - 9d4?
-d89
In base 16, what is -3 + -5beac?
-5beaf
In base 16, what is c - -443?
44f
In base 10, what is 3 + -10075?
-10072
In base 14, what is -4b9b + ca?
-4ab1
In base 14, what is 1 + -a729?
-a728
In base 8, what is -4 - -217310?
217304
In base 13, what is b862 + -1?
b861
In base 3, what is 0 - -1002220020?
1002220020
In base 2, what is -10010100011010 + -110?
-10010100100000
In base 14, what is 11 + -3986?
-3975
In base 13, what is 26495 - 5?
26490
In base 13, what is -b86 + a1?
-ab5
In base 8, what is -23 - 253?
-276
In base 7, what is -202 + -441?
-643
In base 2, what is 0 - 110000011111000000?
-110000011111000000
In base 5, what is 10201 - -2043?
12244
In base 6, what is -4223413 - -4?
-4223405
In base 14, what is 231 - ad?
162
In base 4, what is -1120232 - 3?
-1120301
